{"id":494,"date":"2022-10-31T17:56:05","date_gmt":"2022-10-31T17:56:05","guid":{"rendered":"https:\/\/www.aligapilates.com\/?page_id=494"},"modified":"2024-08-19T19:45:55","modified_gmt":"2024-08-19T19:45:55","slug":"nuestra-practica","status":"publish","type":"page","link":"https:\/\/www.aligapilates.com\/en\/nuestra-practica\/","title":{"rendered":""},"content":{"rendered":"<div class=\"wp-block-group alignfull has-background\" style=\"background-color:#eaefe6\"><div class=\"wp-block-group__inner-container is-layout-flow wp-block-group-is-layout-flow\">\n<div class=\"wp-block-columns alignwide is-layout-flex wp-container-core-columns-is-layout-9d6595d7 wp-block-columns-is-layout-flex\">\n<div class=\"wp-block-column is-layout-flow wp-block-column-is-layout-flow\">\n<div style=\"height:100px\" aria-hidden=\"true\" class=\"wp-block-spacer\"><\/div>\n<\/div>\n<\/div>\n\n\n\n<p class=\"has-text-color\" style=\"color:#000000;font-size:25px\"><strong><strong><strong>Our practice<\/strong><\/strong><\/strong><\/p>\n\n\n\n<div style=\"height:72px\" aria-hidden=\"true\" class=\"wp-block-spacer\"><\/div>\n\n\n\n<div class=\"wp-block-group alignwide\"><div class=\"wp-block-group__inner-container is-layout-flow wp-block-group-is-layout-flow\">\n<div class=\"wp-block-columns alignwide is-layout-flex wp-container-core-columns-is-layout-9d6595d7 wp-block-columns-is-layout-flex\">\n<div class=\"wp-block-column is-layout-flow wp-block-column-is-layout-flow\" style=\"flex-basis:33.38%\">\n<p>\u00c0ligaPilates, located near Pla\u00e7a Francesc Maci\u00e0 in Barcelona, is a fully equipped Pilates studio offering personalized classes in Authentic Pilates Instruction. Our Professionals design one-on-one classes following the needs of each client using all the apparatus created by Joseph Pilates.<\/p>\n\n\n\n<p>We follow the level demanded and maintained by first-generation teachers of Pilates and have studied extensively with master instructor Fabien Menegon, who trained directly with Joseph Pilates\u2019 primary disciple Romana Kryzanowska.&nbsp;<\/p>\n<\/div>\n\n\n\n<div class=\"wp-block-column is-layout-flow wp-block-column-is-layout-flow\" style=\"flex-basis:33%\">\n<div style=\"height:100px\" aria-hidden=\"true\" class=\"wp-block-spacer\"><\/div>\n\n\n\n<figure class=\"wp-block-image size-full\"><img fetchpriority=\"high\" decoding=\"async\" width=\"1920\" height=\"2560\" src=\"https:\/\/www.aligapilates.com\/wp-content\/uploads\/2024\/08\/IMG_9037-scaled.jpg\" alt=\"\" class=\"wp-image-1231\" srcset=\"https:\/\/www.aligapilates.com\/wp-content\/uploads\/2024\/08\/IMG_9037-scaled.jpg 1920w, https:\/\/www.aligapilates.com\/wp-content\/uploads\/2024\/08\/IMG_9037-225x300.jpg 225w, https:\/\/www.aligapilates.com\/wp-content\/uploads\/2024\/08\/IMG_9037-768x1024.jpg 768w, https:\/\/www.aligapilates.com\/wp-content\/uploads\/2024\/08\/IMG_9037-1152x1536.jpg 1152w, https:\/\/www.aligapilates.com\/wp-content\/uploads\/2024\/08\/IMG_9037-1536x2048.jpg 1536w, https:\/\/www.aligapilates.com\/wp-content\/uploads\/2024\/08\/IMG_9037-9x12.jpg 9w, https:\/\/www.aligapilates.com\/wp-content\/uploads\/2024\/08\/IMG_9037-2000x2667.jpg 2000w, https:\/\/www.aligapilates.com\/wp-content\/uploads\/2024\/08\/IMG_9037-600x800.jpg 600w, https:\/\/www.aligapilates.com\/wp-content\/uploads\/2024\/08\/IMG_9037-1200x1600.jpg 1200w\" sizes=\"(max-width: 1920px) 100vw, 1920px\" \/><\/figure>\n<\/div>\n\n\n\n<div class=\"wp-block-column is-layout-flow wp-block-column-is-layout-flow\" style=\"flex-basis:33.62%\">\n<figure class=\"wp-block-image size-full\"><img decoding=\"async\" width=\"1920\" height=\"2560\" src=\"https:\/\/www.aligapilates.com\/wp-content\/uploads\/2024\/08\/IMG_8995-1-scaled.jpg\" alt=\"\" class=\"wp-image-1232\" srcset=\"https:\/\/www.aligapilates.com\/wp-content\/uploads\/2024\/08\/IMG_8995-1-scaled.jpg 1920w, https:\/\/www.aligapilates.com\/wp-content\/uploads\/2024\/08\/IMG_8995-1-225x300.jpg 225w, https:\/\/www.aligapilates.com\/wp-content\/uploads\/2024\/08\/IMG_8995-1-768x1024.jpg 768w, https:\/\/www.aligapilates.com\/wp-content\/uploads\/2024\/08\/IMG_8995-1-1152x1536.jpg 1152w, https:\/\/www.aligapilates.com\/wp-content\/uploads\/2024\/08\/IMG_8995-1-1536x2048.jpg 1536w, https:\/\/www.aligapilates.com\/wp-content\/uploads\/2024\/08\/IMG_8995-1-9x12.jpg 9w, https:\/\/www.aligapilates.com\/wp-content\/uploads\/2024\/08\/IMG_8995-1-2000x2667.jpg 2000w, https:\/\/www.aligapilates.com\/wp-content\/uploads\/2024\/08\/IMG_8995-1-600x800.jpg 600w, https:\/\/www.aligapilates.com\/wp-content\/uploads\/2024\/08\/IMG_8995-1-1200x1600.jpg 1200w\" sizes=\"(max-width: 1920px) 100vw, 1920px\" \/><\/figure>\n<\/div>\n<\/div>\n<\/div><\/div>\n<\/div><\/div>","protected":false},"excerpt":{"rendered":"<p>Nuestra pr\u00e1ctica \u00c0ligaPilates, situado cerca de la Plaza Francesc Maci\u00e1 de Barcelona, es un estudio de Pilates totalmente equipado que ofrece clases personalizadas de Aut\u00e9ntico Pilates. Nuestros Profesionales dise\u00f1an las clases de forma individual seg\u00fan las necesidades de cada cliente, haciendo uso de todos las m\u00e1quinas creadas por Joseph Pilates. Mantenemos el nivel de exigencia &hellip; <\/p>\n<p class=\"link-more\"><a href=\"https:\/\/www.aligapilates.com\/en\/nuestra-practica\/\" class=\"more-link\">Read more<span class=\"screen-reader-text\"> \u00ab\u00bb<\/span><\/a><\/p>","protected":false},"author":1,"featured_media":0,"parent":0,"menu_order":0,"comment_status":"closed","ping_status":"closed","template":"","meta":{"footnotes":""},"class_list":["post-494","page","type-page","status-publish","hentry"],"yoast_head":"<!-- This site is optimized with the Yoast SEO plugin v26.1.1 - https:\/\/yoast.com\/wordpress\/plugins\/seo\/ -->\n<title>- AligaPilates<\/title>\n<meta name=\"robots\" content=\"index, follow, max-snippet:-1, max-image-preview:large, max-video-preview:-1\" \/>\n<link rel=\"canonical\" href=\"https:\/\/www.aligapilates.com\/en\/nuestra-practica\/\" \/>\n<meta property=\"og:locale\" content=\"en_GB\" \/>\n<meta property=\"og:type\" content=\"article\" \/>\n<meta property=\"og:title\" content=\"- AligaPilates\" \/>\n<meta property=\"og:description\" content=\"Nuestra pr\u00e1ctica \u00c0ligaPilates, situado cerca de la Plaza Francesc Maci\u00e1 de Barcelona, es un estudio de Pilates totalmente equipado que ofrece clases personalizadas de Aut\u00e9ntico Pilates. Nuestros Profesionales dise\u00f1an las clases de forma individual seg\u00fan las necesidades de cada cliente, haciendo uso de todos las m\u00e1quinas creadas por Joseph Pilates. Mantenemos el nivel de exigencia &hellip; Read more &quot;&quot;\" \/>\n<meta property=\"og:url\" content=\"https:\/\/www.aligapilates.com\/en\/nuestra-practica\/\" \/>\n<meta property=\"og:site_name\" content=\"AligaPilates\" \/>\n<meta property=\"article:modified_time\" content=\"2024-08-19T19:45:55+00:00\" \/>\n<meta property=\"og:image\" content=\"https:\/\/www.aligapilates.com\/wp-content\/uploads\/2024\/08\/IMG_9037-scaled.jpg\" \/>\n<meta name=\"twitter:card\" content=\"summary_large_image\" \/>\n<meta name=\"twitter:label1\" content=\"Estimated reading time\" \/>\n\t<meta name=\"twitter:data1\" content=\"1 minute\" \/>\n<script type=\"application\/ld+json\" class=\"yoast-schema-graph\">{\"@context\":\"https:\/\/schema.org\",\"@graph\":[{\"@type\":\"WebPage\",\"@id\":\"https:\/\/www.aligapilates.com\/nuestra-practica\/\",\"url\":\"https:\/\/www.aligapilates.com\/nuestra-practica\/\",\"name\":\"- AligaPilates\",\"isPartOf\":{\"@id\":\"https:\/\/www.aligapilates.com\/#website\"},\"primaryImageOfPage\":{\"@id\":\"https:\/\/www.aligapilates.com\/nuestra-practica\/#primaryimage\"},\"image\":{\"@id\":\"https:\/\/www.aligapilates.com\/nuestra-practica\/#primaryimage\"},\"thumbnailUrl\":\"https:\/\/www.aligapilates.com\/wp-content\/uploads\/2024\/08\/IMG_9037-scaled.jpg\",\"datePublished\":\"2022-10-31T17:56:05+00:00\",\"dateModified\":\"2024-08-19T19:45:55+00:00\",\"inLanguage\":\"en-GB\",\"potentialAction\":[{\"@type\":\"ReadAction\",\"target\":[\"https:\/\/www.aligapilates.com\/nuestra-practica\/\"]}]},{\"@type\":\"ImageObject\",\"inLanguage\":\"en-GB\",\"@id\":\"https:\/\/www.aligapilates.com\/nuestra-practica\/#primaryimage\",\"url\":\"https:\/\/www.aligapilates.com\/wp-content\/uploads\/2024\/08\/IMG_9037-scaled.jpg\",\"contentUrl\":\"https:\/\/www.aligapilates.com\/wp-content\/uploads\/2024\/08\/IMG_9037-scaled.jpg\"},{\"@type\":\"WebSite\",\"@id\":\"https:\/\/www.aligapilates.com\/#website\",\"url\":\"https:\/\/www.aligapilates.com\/\",\"name\":\"AligaPilates\",\"description\":\"\",\"publisher\":{\"@id\":\"https:\/\/www.aligapilates.com\/#organization\"},\"potentialAction\":[{\"@type\":\"SearchAction\",\"target\":{\"@type\":\"EntryPoint\",\"urlTemplate\":\"https:\/\/www.aligapilates.com\/?s={search_term_string}\"},\"query-input\":{\"@type\":\"PropertyValueSpecification\",\"valueRequired\":true,\"valueName\":\"search_term_string\"}}],\"inLanguage\":\"en-GB\"},{\"@type\":\"Organization\",\"@id\":\"https:\/\/www.aligapilates.com\/#organization\",\"name\":\"AligaPilates\",\"url\":\"https:\/\/www.aligapilates.com\/\",\"logo\":{\"@type\":\"ImageObject\",\"inLanguage\":\"en-GB\",\"@id\":\"https:\/\/www.aligapilates.com\/#\/schema\/logo\/image\/\",\"url\":\"https:\/\/www.aligapilates.com\/wp-content\/uploads\/2022\/10\/cropped-cropped-ALIGA-PILATES-_2-tons.png\",\"contentUrl\":\"https:\/\/www.aligapilates.com\/wp-content\/uploads\/2022\/10\/cropped-cropped-ALIGA-PILATES-_2-tons.png\",\"width\":1182,\"height\":275,\"caption\":\"AligaPilates\"},\"image\":{\"@id\":\"https:\/\/www.aligapilates.com\/#\/schema\/logo\/image\/\"},\"sameAs\":[\"https:\/\/www.instagram.com\/aligapilates\/\"]}]}<\/script>\n<!-- \/ Yoast SEO plugin. -->","yoast_head_json":{"title":"- AligaPilates","robots":{"index":"index","follow":"follow","max-snippet":"max-snippet:-1","max-image-preview":"max-image-preview:large","max-video-preview":"max-video-preview:-1"},"canonical":"https:\/\/www.aligapilates.com\/en\/nuestra-practica\/","og_locale":"en_GB","og_type":"article","og_title":"- AligaPilates","og_description":"Nuestra pr\u00e1ctica \u00c0ligaPilates, situado cerca de la Plaza Francesc Maci\u00e1 de Barcelona, es un estudio de Pilates totalmente equipado que ofrece clases personalizadas de Aut\u00e9ntico Pilates. Nuestros Profesionales dise\u00f1an las clases de forma individual seg\u00fan las necesidades de cada cliente, haciendo uso de todos las m\u00e1quinas creadas por Joseph Pilates. Mantenemos el nivel de exigencia &hellip; Read more \"\"","og_url":"https:\/\/www.aligapilates.com\/en\/nuestra-practica\/","og_site_name":"AligaPilates","article_modified_time":"2024-08-19T19:45:55+00:00","og_image":[{"url":"https:\/\/www.aligapilates.com\/wp-content\/uploads\/2024\/08\/IMG_9037-scaled.jpg","type":"","width":"","height":""}],"twitter_card":"summary_large_image","twitter_misc":{"Estimated reading time":"1 minute"},"schema":{"@context":"https:\/\/schema.org","@graph":[{"@type":"WebPage","@id":"https:\/\/www.aligapilates.com\/nuestra-practica\/","url":"https:\/\/www.aligapilates.com\/nuestra-practica\/","name":"- AligaPilates","isPartOf":{"@id":"https:\/\/www.aligapilates.com\/#website"},"primaryImageOfPage":{"@id":"https:\/\/www.aligapilates.com\/nuestra-practica\/#primaryimage"},"image":{"@id":"https:\/\/www.aligapilates.com\/nuestra-practica\/#primaryimage"},"thumbnailUrl":"https:\/\/www.aligapilates.com\/wp-content\/uploads\/2024\/08\/IMG_9037-scaled.jpg","datePublished":"2022-10-31T17:56:05+00:00","dateModified":"2024-08-19T19:45:55+00:00","inLanguage":"en-GB","potentialAction":[{"@type":"ReadAction","target":["https:\/\/www.aligapilates.com\/nuestra-practica\/"]}]},{"@type":"ImageObject","inLanguage":"en-GB","@id":"https:\/\/www.aligapilates.com\/nuestra-practica\/#primaryimage","url":"https:\/\/www.aligapilates.com\/wp-content\/uploads\/2024\/08\/IMG_9037-scaled.jpg","contentUrl":"https:\/\/www.aligapilates.com\/wp-content\/uploads\/2024\/08\/IMG_9037-scaled.jpg"},{"@type":"WebSite","@id":"https:\/\/www.aligapilates.com\/#website","url":"https:\/\/www.aligapilates.com\/","name":"AligaPilates","description":"","publisher":{"@id":"https:\/\/www.aligapilates.com\/#organization"},"potentialAction":[{"@type":"SearchAction","target":{"@type":"EntryPoint","urlTemplate":"https:\/\/www.aligapilates.com\/?s={search_term_string}"},"query-input":{"@type":"PropertyValueSpecification","valueRequired":true,"valueName":"search_term_string"}}],"inLanguage":"en-GB"},{"@type":"Organization","@id":"https:\/\/www.aligapilates.com\/#organization","name":"AligaPilates","url":"https:\/\/www.aligapilates.com\/","logo":{"@type":"ImageObject","inLanguage":"en-GB","@id":"https:\/\/www.aligapilates.com\/#\/schema\/logo\/image\/","url":"https:\/\/www.aligapilates.com\/wp-content\/uploads\/2022\/10\/cropped-cropped-ALIGA-PILATES-_2-tons.png","contentUrl":"https:\/\/www.aligapilates.com\/wp-content\/uploads\/2022\/10\/cropped-cropped-ALIGA-PILATES-_2-tons.png","width":1182,"height":275,"caption":"AligaPilates"},"image":{"@id":"https:\/\/www.aligapilates.com\/#\/schema\/logo\/image\/"},"sameAs":["https:\/\/www.instagram.com\/aligapilates\/"]}]}},"featured_media_urls":[],"_links":{"self":[{"href":"https:\/\/www.aligapilates.com\/en\/wp-json\/wp\/v2\/pages\/494","targetHints":{"allow":["GET"]}}],"collection":[{"href":"https:\/\/www.aligapilates.com\/en\/wp-json\/wp\/v2\/pages"}],"about":[{"href":"https:\/\/www.aligapilates.com\/en\/wp-json\/wp\/v2\/types\/page"}],"author":[{"embeddable":true,"href":"https:\/\/www.aligapilates.com\/en\/wp-json\/wp\/v2\/users\/1"}],"replies":[{"embeddable":true,"href":"https:\/\/www.aligapilates.com\/en\/wp-json\/wp\/v2\/comments?post=494"}],"version-history":[{"count":22,"href":"https:\/\/www.aligapilates.com\/en\/wp-json\/wp\/v2\/pages\/494\/revisions"}],"predecessor-version":[{"id":1247,"href":"https:\/\/www.aligapilates.com\/en\/wp-json\/wp\/v2\/pages\/494\/revisions\/1247"}],"wp:attachment":[{"href":"https:\/\/www.aligapilates.com\/en\/wp-json\/wp\/v2\/media?parent=494"}],"curies":[{"name":"wp","href":"https:\/\/api.w.org\/{rel}","templated":true}]}}

<div class="wp-block-group alignfull has-background" style="background-color:#eaefe6"><div class="wp-block-group__inner-container is-layout-flow wp-block-group-is-layout-flow">
<div class="wp-block-columns alignwide is-layout-flex wp-container-core-columns-is-layout-9d6595d7 wp-block-columns-is-layout-flex">
<div class="wp-block-column is-layout-flow wp-block-column-is-layout-flow">
<div style="height:100px" aria-hidden="true" class="wp-block-spacer"></div>
</div>
</div>



<p class="has-text-color" style="color:#000000;font-size:25px"><strong><strong><strong>Our practice</strong></strong></strong></p>



<div style="height:72px" aria-hidden="true" class="wp-block-spacer"></div>



<div class="wp-block-group alignwide"><div class="wp-block-group__inner-container is-layout-flow wp-block-group-is-layout-flow">
<div class="wp-block-columns alignwide is-layout-flex wp-container-core-columns-is-layout-9d6595d7 wp-block-columns-is-layout-flex">
<div class="wp-block-column is-layout-flow wp-block-column-is-layout-flow" style="flex-basis:33.38%">
<p>ÀligaPilates, located near Plaça Francesc Macià in Barcelona, is a fully equipped Pilates studio offering personalized classes in Authentic Pilates Instruction. Our Professionals design one-on-one classes following the needs of each client using all the apparatus created by Joseph Pilates.</p>



<p>We follow the level demanded and maintained by first-generation teachers of Pilates and have studied extensively with master instructor Fabien Menegon, who trained directly with Joseph Pilates’ primary disciple Romana Kryzanowska.&nbsp;</p>
</div>



<div class="wp-block-column is-layout-flow wp-block-column-is-layout-flow" style="flex-basis:33%">
<div style="height:100px" aria-hidden="true" class="wp-block-spacer"></div>



<figure class="wp-block-image size-full"><img fetchpriority="high" decoding="async" width="1920" height="2560" src="https://www.aligapilates.com/wp-content/uploads/2024/08/IMG_9037-scaled.jpg" alt="" class="wp-image-1231" srcset="https://www.aligapilates.com/wp-content/uploads/2024/08/IMG_9037-scaled.jpg 1920w, https://www.aligapilates.com/wp-content/uploads/2024/08/IMG_9037-225x300.jpg 225w, https://www.aligapilates.com/wp-content/uploads/2024/08/IMG_9037-768x1024.jpg 768w, https://www.aligapilates.com/wp-content/uploads/2024/08/IMG_9037-1152x1536.jpg 1152w, https://www.aligapilates.com/wp-content/uploads/2024/08/IMG_9037-1536x2048.jpg 1536w, https://www.aligapilates.com/wp-content/uploads/2024/08/IMG_9037-9x12.jpg 9w, https://www.aligapilates.com/wp-content/uploads/2024/08/IMG_9037-2000x2667.jpg 2000w, https://www.aligapilates.com/wp-content/uploads/2024/08/IMG_9037-600x800.jpg 600w, https://www.aligapilates.com/wp-content/uploads/2024/08/IMG_9037-1200x1600.jpg 1200w" sizes="(max-width: 1920px) 100vw, 1920px" /></figure>
</div>



<div class="wp-block-column is-layout-flow wp-block-column-is-layout-flow" style="flex-basis:33.62%">
<figure class="wp-block-image size-full"><img decoding="async" width="1920" height="2560" src="https://www.aligapilates.com/wp-content/uploads/2024/08/IMG_8995-1-scaled.jpg" alt="" class="wp-image-1232" srcset="https://www.aligapilates.com/wp-content/uploads/2024/08/IMG_8995-1-scaled.jpg 1920w, https://www.aligapilates.com/wp-content/uploads/2024/08/IMG_8995-1-225x300.jpg 225w, https://www.aligapilates.com/wp-content/uploads/2024/08/IMG_8995-1-768x1024.jpg 768w, https://www.aligapilates.com/wp-content/uploads/2024/08/IMG_8995-1-1152x1536.jpg 1152w, https://www.aligapilates.com/wp-content/uploads/2024/08/IMG_8995-1-1536x2048.jpg 1536w, https://www.aligapilates.com/wp-content/uploads/2024/08/IMG_8995-1-9x12.jpg 9w, https://www.aligapilates.com/wp-content/uploads/2024/08/IMG_8995-1-2000x2667.jpg 2000w, https://www.aligapilates.com/wp-content/uploads/2024/08/IMG_8995-1-600x800.jpg 600w, https://www.aligapilates.com/wp-content/uploads/2024/08/IMG_8995-1-1200x1600.jpg 1200w" sizes="(max-width: 1920px) 100vw, 1920px" /></figure>
</div>
</div>
</div></div>
</div></div>

<p>Nuestra práctica ÀligaPilates, situado cerca de la Plaza Francesc Maciá de Barcelona, es un estudio de Pilates totalmente equipado que ofrece clases personalizadas de Auténtico Pilates. Nuestros Profesionales diseñan las clases de forma individual según las necesidades de cada cliente, haciendo uso de todos las máquinas creadas por Joseph Pilates. Mantenemos el nivel de exigencia &hellip; </p>
<p class="link-more"><a href="https://www.aligapilates.com/en/nuestra-practica/" class="more-link">Read more<span class="screen-reader-text"> «»</span></a></p>

<!-- This site is optimized with the Yoast SEO plugin v26.1.1 - https://yoast.com/wordpress/plugins/seo/ -->
<title>- AligaPilates</title>
<meta name="robots" content="index, follow, max-snippet:-1, max-image-preview:large, max-video-preview:-1" />
<link rel="canonical" href="https://www.aligapilates.com/en/nuestra-practica/" />
<meta property="og:locale" content="en_GB" />
<meta property="og:type" content="article" />
<meta property="og:title" content="- AligaPilates" />
<meta property="og:description" content="Nuestra práctica ÀligaPilates, situado cerca de la Plaza Francesc Maciá de Barcelona, es un estudio de Pilates totalmente equipado que ofrece clases personalizadas de Auténtico Pilates. Nuestros Profesionales diseñan las clases de forma individual según las necesidades de cada cliente, haciendo uso de todos las máquinas creadas por Joseph Pilates. Mantenemos el nivel de exigencia &hellip; Read more &quot;&quot;" />
<meta property="og:url" content="https://www.aligapilates.com/en/nuestra-practica/" />
<meta property="og:site_name" content="AligaPilates" />
<meta property="article:modified_time" content="2024-08-19T19:45:55+00:00" />
<meta property="og:image" content="https://www.aligapilates.com/wp-content/uploads/2024/08/IMG_9037-scaled.jpg" />
<meta name="twitter:card" content="summary_large_image" />
<meta name="twitter:label1" content="Estimated reading time" />
	<meta name="twitter:data1" content="1 minute" />
<script type="application/ld+json" class="yoast-schema-graph">{"@context":"https://schema.org","@graph":[{"@type":"WebPage","@id":"https://www.aligapilates.com/nuestra-practica/","url":"https://www.aligapilates.com/nuestra-practica/","name":"- AligaPilates","isPartOf":{"@id":"https://www.aligapilates.com/#website"},"primaryImageOfPage":{"@id":"https://www.aligapilates.com/nuestra-practica/#primaryimage"},"image":{"@id":"https://www.aligapilates.com/nuestra-practica/#primaryimage"},"thumbnailUrl":"https://www.aligapilates.com/wp-content/uploads/2024/08/IMG_9037-scaled.jpg","datePublished":"2022-10-31T17:56:05+00:00","dateModified":"2024-08-19T19:45:55+00:00","inLanguage":"en-GB","potentialAction":[{"@type":"ReadAction","target":["https://www.aligapilates.com/nuestra-practica/"]}]},{"@type":"ImageObject","inLanguage":"en-GB","@id":"https://www.aligapilates.com/nuestra-practica/#primaryimage","url":"https://www.aligapilates.com/wp-content/uploads/2024/08/IMG_9037-scaled.jpg","contentUrl":"https://www.aligapilates.com/wp-content/uploads/2024/08/IMG_9037-scaled.jpg"},{"@type":"WebSite","@id":"https://www.aligapilates.com/#website","url":"https://www.aligapilates.com/","name":"AligaPilates","description":"","publisher":{"@id":"https://www.aligapilates.com/#organization"},"potentialAction":[{"@type":"SearchAction","target":{"@type":"EntryPoint","urlTemplate":"https://www.aligapilates.com/?s={search_term_string}"},"query-input":{"@type":"PropertyValueSpecification","valueRequired":true,"valueName":"search_term_string"}}],"inLanguage":"en-GB"},{"@type":"Organization","@id":"https://www.aligapilates.com/#organization","name":"AligaPilates","url":"https://www.aligapilates.com/","logo":{"@type":"ImageObject","inLanguage":"en-GB","@id":"https://www.aligapilates.com/#/schema/logo/image/","url":"https://www.aligapilates.com/wp-content/uploads/2022/10/cropped-cropped-ALIGA-PILATES-_2-tons.png","contentUrl":"https://www.aligapilates.com/wp-content/uploads/2022/10/cropped-cropped-ALIGA-PILATES-_2-tons.png","width":1182,"height":275,"caption":"AligaPilates"},"image":{"@id":"https://www.aligapilates.com/#/schema/logo/image/"},"sameAs":["https://www.instagram.com/aligapilates/"]}]}</script>
<!-- / Yoast SEO plugin. -->

Nuestra práctica ÀligaPilates, situado cerca de la Plaza Francesc Maciá de Barcelona, es un estudio de Pilates totalmente equipado que ofrece clases personalizadas de Auténtico Pilates. Nuestros Profesionales diseñan las clases de forma individual según las necesidades de cada cliente, haciendo uso de todos las máquinas creadas por Joseph Pilates. Mantenemos el nivel de exigencia &hellip; Read more ""
